ided by 698?
36
What is the remainder when 1271 is divided by 152?
55
Calculate the remainder when 14999 is divided by 242.
237
Calculate the remainder when 5969 is divided by 222.
197
What is the remainder when 187988 is divided by 281?
280
What is the remainder when 561 is divided by 98?
71
What is the remainder when 47204 is divided by 2482?
46
What is the remainder when 118318 is divided by 179?
178
What is the remainder when 28390 is divided by 1878?
220
What is the remainder when 2031 is divided by 62?
47
What is the remainder when 213801 is divided by 21378?
21
Calculate the remainder when 2385 is divided by 187.
141
What is the remainder when 79325 is divided by 39658?
9
Calculate the remainder when 55063 is divided by 156.
151
What is the remainder when 652593 is divided by 47?
45
What is the remainder when 7582 is divided by 1082?
8
Calculate the remainder when 14249 is divided by 4749.
2
Calculate the remainder when 802489 is divided by 158.
7
Calculate the remainder when 1070 is divided by 144.
62
Calculate the remainder when 6240 is divided by 6141.
99
What is the remainder when 4473 is divided by 1116?
9
What is the remainder when 43613 is divided by 21803?
7
Calculate the remainder when 9878 is divided by 183.
179
What is the remainder when 3524 is divided by 108?
68
What is the remainder when 80376 is divided by 27?
24
What is the remainder when 2823 is divided by 207?
132
Calculate the remainder when 185500 is divided by 932.
32
Calculate the remainder when 746 is divided by 147.
11
Calculate the remainder when 479355 is divided by 10.
5
Calculate the remainder when 217 is divided by 141.
76
Calculate the remainder when 11547 is divided by 146.
13
Calculate the remainder when 61740 is divided by 30870.
0
Calculate the remainder when 44793 is divided by 4479.
3
What is the remainder when 19963 is divided by 9730?
503
Calculate the remainder when 2897 is divided by 793.
518
What is the remainder when 36336 is divided by 39?
27
Calculate the remainder when 37418 is divided by 12393.
239
Calculate the remainder when 389 is divided by 300.
89
What is the remainder when 37907 is divided by 65?
12
What is the remainder when 2355 is divided by 456?
75
Calculate the remainder when 901864 is divided by 199.
195
What is the remainder when 667866 is divided by 14?
10
What is the remainder when 4273 is divided by 51?
40
Calculate the remainder when 14594 is divided by 3646.
10
Calculate the remainder when 2024 is divided by 119.
1
What is the remainder when 9331 is divided by 300?
31
What is the remainder when 657382 is divided by 301?
299
Calculate the remainder when 68996 is divided by 123.
116
What is the remainder when 3949 is divided by 5?
4
What is the remainder when 4268 is divided by 82?
4
Calculate the remainder when 3664 is divided by 320.
144
What is the remainder when 9255 is divided by 1149?
63
What is the remainder when 4691 is divided by 428?
411
Calculate the remainder when 5227745 is divided by 109.
105
Calculate the remainder when 948481 is divided by 163.
147
What is the remainder when 699382 is divided by 1932?
1930
Calculate the remainder when 6416 is divided by 229.
4
What is the remainder when 248618 is divided by 98?
90
What is the remainder when 5617 is divided by 375?
367
What is the remainder when 768262 is divided by 51?
49
Calculate the remainder when 2939 is divided by 976.
11
Calculate the remainder when 295088 is divided by 501.
500
What is the remainder when 3442 is divided by 53?
50
Calculate the remainder when 82579 is divided by 41241.
97
Calculate the remainder when 52725 is divided by 52714.
11
What is the remainder when 6435 is divided by 6407?
28
What is the remainder when 826 is divided by 416?
410
What is the remainder when 889691 is divided by 20?
11
What is the remainder when 48020 is divided by 9?
5
What is the remainder when 94123 is divided by 25?
23
Calculate the remainder when 8395 is divided by 4180.
35
What is the remainder when 107489 is divided by 53740?
9
What is the remainder when 15348 is divided by 3837?
0
Calculate the remainder when 1765717 is divided by 14.
9
Calculate the remainder when 1364853 is divided by 9819.
12
What is the remainder when 191650 is divided by 63883?
1
Calculate the remainder when 6887519 is divided by 8.
7
Calculate the remainder when 17091 is divided by 103.
96
What is the remainder when 4626933 is divided by 1382?
1379
What is the remainder when 4475 is divided by 203?
9
Calculate the remainder when 761583 is divided by 42.
39
What is the remainder when 411 is divided by 20?
11
Calculate the remainder when 28869 is divided by 5772.
9
Calculate the remainder when 4582 is divided by 6.
4
What is the remainder when 5412 is divided by 689?
589
Calculate the remainder when 18878 is divided by 726.
2
Calculate the remainder when 1310 is divided by 14.
8
What is the remainder when 66007 is divided by 151?
20
What is the remainder when 18009 is divided by 52?
17
What is the remainder when 34010 is divided by 29?
22
Calculate the remainder when 116045 is divided by 1222.
1177
Calculate the remainder when 9728 is divided by 14.
12
Calculate the remainder when 212391 is divided by 100.
91
What is the remainder when 28110 is divided by 21?
12
Calculate the remainder when 71359 is divided by 80.
79
Calculate the remainder when 1108 is divided by 1.
0
Calculate the remainder when 19672 is divided by 56.
16
What is the remainder when 60768 is divided by 1321?
2
Calculate the remainder when 13382 is divided by 7.
5
Calculate the remainder when 7545 is divided by 687.
675
What is the remainder when 83535 is divided by 36?
15
What is the remainder when 112878 is divided by 136?
134
Calculate the remainder when 10979 is divided by 87.
17
Calculate the remainder when 2996 is divided by 12.
8
Calculate the remainder when 213119 is divided by 16.
15
What is the remainder when 52649 is divided by 97?
75
Calculate the remainder when 4525 is divided by 1131.
1
Calculate the remainder when 72565 is divided by 631.
0
Calculate the remainder when 3777902 is divided by 328.
326
What is the remainder when 4806 is divided by 5?
1
Calculate the remainder when 12263 is divided by 31.
18
Calculate the remainder when 3133 is divided by 188.
125
Calculate the remainder when 3506708 is divided by 45.
38
Calculate the remainder when 5439 is divided by 428.
303
Calculate the remainder when 4084 is divided by 221.
106
What is the remainder when 905 is divided by 159?
110
Calculate the remainder when 101880 is divided by 52.
12
Calculate the remainder when 3043 is divided by 379.
11
What is the remainder when 8456 is divided by 442?
58
What is the remainder when 1937269 is divided by 484314?
13
Calculate the remainder when 776 is divided by 20.
16
Calculate the remainder when 89986 is divided by 89917.
69
Calculate the remainder when 15199 is divided by 3798.
7
Calculate the remainder when 522676 is divided by 78.
76
What is the remainder when 11994 is divided by 1957?
252
Calculate the remainder when 150760 is divided by 220.
60
What is the remainder when 114579 is divided by 121?
113
What is the remainder when 9982 is divided by 105?
7
Calculate the remainder when 13062 is divided by 65.
62
What is the remainder when 3583 is divided by 13?
8
What is the remainder when 3873 is divided by 730?
223
Calculate the remainder when 344347 is divided by 102.
97
Calculate the remainder when 52659 is divided by 25927.
805
Calculate the remainder when 74063 is divided by 58.
55
Calculate the remainder when 1511350 is divided by 8.
6
What is the remainder when 4813545 is divided by 109?
105
Calculate the remainder when 974679 is divided by 6.
3
Calculate the remainder when 1034 is divided by 59.
31
What is the remainder when 61884 is divided by 922?
110
Calculate the remainder when 57725 is divided by 2404.
29
Calculate the remainder when 2617 is divided by 233.
54
Calculate the remainder when 18091 is divided by 486.
109
Calculate the remainder when 830 is divided by 207.
2
What is the remainder when 208 is divided by 206?
2
What is the remainder when 7566 is divided by 113?
108
What is the remainder when 55170 is divided by 159?
156
What is the remainder when 555796 is divided by 3328?
20
Calculate t